 50?
25
What is the highest common divisor of 23560 and 147440?
760
What is the greatest common factor of 656191 and 113?
113
What is the greatest common factor of 1168 and 2192?
16
What is the highest common factor of 51 and 94877?
17
What is the greatest common factor of 9000 and 191000?
1000
Calculate the highest common factor of 1011000 and 400.
200
What is the greatest common divisor of 719246 and 132?
22
What is the highest common factor of 110 and 420900?
10
What is the greatest common factor of 48 and 788752?
16
What is the highest common factor of 55305 and 7425?
45
What is the greatest common divisor of 636255 and 1215?
405
Calculate the greatest common divisor of 18 and 1687761.
9
Calculate the greatest common factor of 34386 and 66.
66
What is the greatest common factor of 709167 and 291?
291
What is the highest common factor of 18910 and 2480?
310
Calculate the highest common factor of 5032 and 390609.
629
Calculate the highest common factor of 177800 and 440.
40
What is the highest common factor of 44290 and 1020?
10
What is the highest common divisor of 147 and 3346?
7
What is the greatest common divisor of 1143010 and 110?
110
What is the greatest common factor of 90596 and 852?
284
What is the highest common divisor of 559 and 376350?
13
What is the greatest common factor of 4216 and 1245704?
248
What is the highest common factor of 1217 and 18?
1
What is the highest common divisor of 17025 and 74229?
681
What is the greatest common divisor of 5972167 and 89?
89
Calculate the highest common divisor of 5828 and 4559.
47
Calculate the highest common divisor of 4412 and 333106.
2206
Calculate the highest common divisor of 10 and 5525.
5
What is the highest common divisor of 232 and 1812036?
116
Calculate the highest common factor of 11656 and 12400.
248
What is the highest common divisor of 725 and 2450935?
145
Calculate the highest common factor of 143405 and 31349.
667
What is the highest common factor of 4988 and 860?
172
Calculate the greatest common factor of 10335 and 685815.
195
What is the greatest common divisor of 52002 and 1070?
214
What is the greatest common factor of 69 and 8?
1
What is the highest common factor of 2662 and 682?
22
Calculate the greatest common factor of 266 and 74898.
38
What is the greatest common divisor of 3714800 and 50?
50
Calculate the greatest common factor of 1752 and 1204500.
876
Calculate the greatest common divisor of 1620 and 57870.
90
What is the greatest common factor of 9682 and 282?
94
What is the highest common factor of 6 and 280506?
6
Calculate the greatest common factor of 74 and 718873.
37
Calculate the highest common divisor of 2366 and 630.
14
What is the highest common divisor of 12150 and 51840?
810
What is the highest common divisor of 21645 and 40071?
111
What is the greatest common divisor of 6050028 and 141?
141
Calculate the highest common factor of 141414 and 210.
42
Calculate the greatest common factor of 13861003 and 26.
13
Calculate the highest common factor of 1129050 and 1800.
450
Calculate the greatest common factor of 1682153 and 1023.
341
What is the greatest common divisor of 84 and 47810?
14
Calculate the highest common factor of 15371 and 13091.
19
Calculate the greatest common divisor of 8 and 13704.
8
What is the highest common divisor of 98 and 526582?
14
What is the greatest common factor of 13754880 and 30?
30
Calculate the greatest common divisor of 1543 and 12.
1
Calculate the highest common factor of 41712 and 3081.
237
What is the greatest common factor of 15785 and 630?
35
What is the greatest common divisor of 122 and 20?
2
What is the highest common factor of 735 and 1035?
15
Calculate the highest common divisor of 17834 and 925.
37
What is the highest common divisor of 2916 and 504225?
243
What is the greatest common divisor of 40 and 2930590?
10
Calculate the highest common factor of 13618638 and 1212.
606
What is the highest common divisor of 51980 and 60?
20
What is the greatest common divisor of 1250704 and 13?
13
Calculate the highest common factor of 1092 and 18720.
156
What is the greatest common divisor of 100668 and 108?
12
Calculate the highest common divisor of 30128 and 7263.
269
Calculate the greatest common divisor of 306 and 3034908.
306
What is the highest common factor of 28314 and 714?
6
Calculate the highest common divisor of 128 and 165648.
16
Calculate the greatest common divisor of 5768 and 95893.
721
What is the greatest common factor of 513 and 14121?
27
Calculate the highest common factor of 2061 and 2907.
9
Calculate the greatest common divisor of 1000 and 1579200.
200
What is the highest common factor of 168 and 69360?
24
What is the greatest common divisor of 300 and 1082850?
150
Calculate the greatest common divisor of 26 and 164593.
13
What is the greatest common divisor of 34 and 1323246?
34
Calculate the highest common divisor of 11 and 16489.
11
What is the highest common divisor of 98150 and 8758?
302
Calculate the highest common factor of 49351 and 68.
17
What is the highest common divisor of 2 and 634?
2
Calculate the highest common divisor of 680 and 520.
40
Calculate the highest common factor of 44084 and 41612.
412
Calculate the greatest common factor of 8054 and 6.
2
What is the highest common factor of 29349 and 216?
27
Calculate the highest common divisor of 63448 and 2002.
154
What is the highest common factor of 22131 and 45?
9
What is the greatest common divisor of 352 and 1342?
22
Calculate the greatest common factor of 331858 and 438.
146
Calculate the greatest common factor of 219 and 3266385.
219
Calculate the highest common factor of 51105 and 240.
15
Calculate the highest common factor of 5002 and 26650.
82
Calculate the greatest common divisor of 282 and 35438.
94
What is the greatest common divisor of 178 and 14416042?
178
What is the greatest common divisor of 206720 and 4?
4
Calculate the greatest common factor of 52306 and 2.
2
Calculate the highest common factor of 165 and 4001800.
55
Calculate the greatest common factor of 372 and 2020.
4
Calculate the highest common divisor of 5082 and 20790.
462
What is the highest common factor of 107841 and 103?
103
Calculate the greatest common divisor of 197885 and 228.
19
What is the highest common divisor of 62196 and 18?
6
What is the greatest common divisor of 68884 and 340?
68
Calculate the highest common divisor of 20526 and 54.
6
Calculate the greatest common factor of 6754 and 268318.
614
What is the greatest common divisor of 2125 and 15375?
125
What is the greatest common divisor of 21801 and 26?
13
Calculate the greatest common divisor of 142481 and 95.
19
Calculate the highest common factor of 27336 and 51.
51
What is the highest common factor of 1415 and 173196?
283
What is the greatest common divisor of 9220 and 7837?
461
Calculate the highest common divisor of 18420 and 225.
15
What is the highest common divisor of 308 and 31922?
22
What is the greatest common factor of 60 and 2122470?
30
Calculate the highest common divisor of 1591578 and 261.
261
What is the highest common divisor of 1051102 and 26?
26
What is the greatest common factor of 405 and 265?
5
Calculate the greatest common factor of 48 and 143172.
12
Calculate the greatest common factor of 158210 and 390.
130
What is the greatest common divisor of 916 and 244114?
458
What is the greatest common factor of 27433 and 112?
7
Calculate the highest common divisor of 1664 and 226928.
208
What is the highest common factor of 18414 and 132?
66
What is the greatest common divisor of 104 and 9616?
8
Calculate the greatest common divisor of 21250 and 238.
34
Calculate the greatest common divisor of 588 and 29148.
84
What is the highest common factor of 107025 and 75?
75
What is the highest common divisor of 12125 and 7750?
125
Calculate the highest common factor of 364200 and 7800.
600
What is the highest common factor of 2816 and 43428?
44
Calculate the highest common factor of 539848 and 8.
8
What is the greatest common factor of 5302 and 66?
22
What is the greatest common factor of 22 and 1949046?
22
What is the greatest common factor of 56 and 582344?
56
Calculate the highest common divisor of 6902 and 35003.
493
What is the greatest common divisor of 18 and 8271?
9
What is